mber?
True
Is 683442229 prime?
False
Is 980096419 prime?
True
Is 43770218189 prime?
False
Is 258490217 composite?
True
Is 73938229 a composite number?
False
Is 998677283 a composite number?
True
Is 39603751139 composite?
True
Is 1072472459 a composite number?
False
Is 21106343 prime?
True
Is 23388654527 a prime number?
False
Is 126630941093 prime?
False
Is 1261301201 composite?
False
Is 8073826447 a prime number?
False
Is 2178261719 composite?
False
Is 9556331 a composite number?
False
Is 75350131 prime?
False
Is 7696050079 a prime number?
False
Is 52465001669 a composite number?
True
Is 262877938647 prime?
False
Is 98130446221 prime?
True
Is 1391753593 prime?
False
Is 4059299789 a prime number?
True
Is 2908284773 composite?
True
Is 5937940573 prime?
True
Is 255140939 a prime number?
False
Is 1669305481 composite?
False
Is 3241511171 composite?
False
Is 656455271 a composite number?
False
Is 611598209 composite?
False
Is 68195411 a composite number?
True
Is 2904414473 a composite number?
False
Is 6074828189 a composite number?
False
Is 6919990249 a composite number?
True
Is 21395002 a composite number?
True
Is 1155626677 prime?
False
Is 115970154133 prime?
True
Is 8481859667 prime?
False
Is 2396005501 a prime number?
False
Is 11272735039 prime?
True
Is 6879017291 a prime number?
True
Is 604005371 a prime number?
True
Is 9862226003 a composite number?
True
Is 9159901 prime?
True
Is 1413743741 prime?
True
Is 6208219813 a prime number?
True
Is 12909063971 composite?
True
Is 5570455607 composite?
False
Is 5387631331 a composite number?
False
Is 11863006579 prime?
True
Is 724801541 composite?
False
Is 613351085 a prime number?
False
Is 184858027 a prime number?
True
Is 3524169847 a prime number?
False
Is 17949712961 a prime number?
False
Is 449737991 prime?
False
Is 10093132877 prime?
True
Is 159513773 composite?
False
Is 38327245043 a prime number?
True
Is 2835222203 a prime number?
False
Is 162663244487 prime?
False
Is 251731651 a composite number?
True
Is 14543509907 prime?
False
Is 19795872353 a prime number?
True
Is 427815943 a composite number?
False
Is 4188275519 prime?
False
Is 1985870857 a prime number?
True
Is 566610973 composite?
False
Is 612695599 composite?
True
Is 11415987697 prime?
False
Is 1897115743 prime?
False
Is 900793337 prime?
True
Is 71295108697 a prime number?
True
Is 30230683 composite?
True
Is 6024326239 composite?
True
Is 1071312833 prime?
False
Is 10560275807 a composite number?
False
Is 2388415199 prime?
True
Is 310408009 composite?
True
Is 11712853 prime?
True
Is 929057911 a composite number?
True
Is 115209581 a prime number?
True
Is 1569991391 a prime number?
True
Is 30256915597 a prime number?
True
Is 49154525809 composite?
False
Is 2587039303 prime?
False
Is 70497839 composite?
True
Is 15181263851 prime?
False
Is 6902338853 prime?
True
Is 345238679 a composite number?
False
Is 39185717 prime?
True
Is 1683592583 prime?
True
Is 14490567961 a prime number?
False
Is 2241853751 prime?
True
Is 41276830963 prime?
False
Is 413724203 prime?
True
Is 41946588427 composite?
False
Is 62345911 composite?
True
Is 38326170367 prime?
True
Is 191441136077 composite?
False
Is 9671774998 a prime number?
False
Is 4918019543 a composite number?
False
Is 42004250501 a composite number?
False
Is 889633317 a composite number?
True
Is 63806483035 a prime number?
False
Is 7891558102 a prime number?
False
Is 1168104995 prime?
False
Is 92364072419 a composite number?
False
Is 387058171 a prime number?
True
Is 1121320237 a composite number?
False
Is 108683507 a composite number?
True
Is 486890777 a composite number?
False
Is 24646010803 a composite number?
True
Is 41676031829 a composite number?
False
Is 1593024193 a prime number?
True
Is 1239903899 a prime number?
False
Is 5008526947 prime?
True
Is 1958315839 composite?
False
Is 85477623883 composite?
False
Is 31967702861 prime?
True
Is 37607210197 a composite number?
False
Is 14262318043 a prime number?
True
Is 1866486169 composite?
True
Is 568482209 a prime number?
True
Is 585948263 a composite number?
False
Is 2123998553 prime?
True
Is 114669404749 a composite number?
True
Is 73810890779 composite?
True
Is 204066757 a composite number?
True
Is 30746387237 composite?
False
Is 34763821 a prime number?
False
Is 14922277321 prime?
False
Is 609036473 composite?
False
Is 5543589097 prime?
False
Is 37972321027 composite?
True
Is 73038631151 prime?
False
Is 693439871 composite?
False
Is 68732351794 composite?
True
Is 1507314091 composite?
False
Is 8263811491 a composite number?
True
Is 1061561 prime?
True
Is 74965856699 a composite number?
False
Is 2295628291 a prime number?
False
Is 53610869867 composite?
False
Is 4895648351 a composite number?
True
Is 437934271 prime?
False
Is 23452731433 a prime number?
False
Is 46602359329 composite?
True
Is 271998883 composite?
True
Is 33517799041 composite?
True
Is 5071645349 a prime number?
True
Is 6723156371 a prime number?
False
Is 1287971987 a prime number?
False
Is 434324409 prime?
False
Is 7573345319 composite?
False
Is 5150217131 a prime number?
True
Is 625041497 a prime number?
True
Is 47072713 a composite number?
True
Is 319207856117 a composite number?
False
Is 14505848873 composite?
False
Is 14897340149 a prime number?
True
Is 1011111679 prime?
True
Is 19763072359 prime?
False
Is 7295197577 a composite number?
True
Is 465628097 a composite number?
True
Is 4928824337 composite?
False
Is 755503019 prime?
True
Is 427655479 composite?
True
Is 26564512993 a prime number?
True
Is 20941892705 prime?
False
Is 34482850147 composite?
True
Is 370820669 a prime number?
True
Is 373387489 composite?
False
Is 5348140477 composite?
True
Is 1016949121 composite?
False
Is 638346217 prime?
True
Is 44971021717 a prime number?
True
Is 16239335703 a composite number?
True
Is 62452387 prime?
True
Is 39523324111 composite?
False
Is 4146743 a composite number?
False
Is 124540111 a prime number?
True
Is 2082496573 a composite number?
True
Is 14205444761 a prime number?
True
Is 183332063701 composite?
True
Is 88696933823 a prime number?
False
Is 9043621021 prime?
False
Is 3420405757 composite?
True
Is 46731434327 prime?
True
Is 1794121253 prime?
False
Is 51293557099 a composite number?
False
Is 69358247 composite?
True
Is 644117633 a prime number?
False
Is 23979347339 composite?
True
Is 368084083 prime?
True
Is 43184274199 composite?
True
Is 619422199 a composite number?
True
Is 22070195023 composite?
True
Is 157280891 prime?
False
Is 238636217 a prime number?
True
Is 289044517 prime?
True
Is 5918953 prime?
True
Is 161541697 a composite number?
True
Is 64101480699 composite?
True
Is 298830397 prime?
True
Is 5635355983 prime?
True
Is 895462783 composite?
True
Is 39672252461 composite?
False
Is 3766901414 a composite number?
True
Is 347317417 composite?
True
Is 6170053811 composite?
False
Is 57817439 composite?
False
Is 10285137817 composite?
True
Is 42504537121 a composite number?
False
Is 57449461 a prime number?
True
Is 1565759147 prime?
False
Is 30853916227 a prime number?
False
Is 16120483859 a prime number?
True
Is 540161093 a prime number?
False
Is 206311289 composite?
False
Is 753660503 prime?
True
Is 64206340883 prime?
True
Is 62497697621 a prime number?
True
Is 19179210367 a composite number?
False
Is 21238843 a prime number?
True
Is 1997217067 a prime number?
False
Is 61250673599 prime?
False
Is 116441771 a composite number?
False
Is 64496008081 a prime number?
True
Is 333480307 prime?
False
Is 163876847 composite?
False
Is 3384704597 composite?
True
Is 2838341359 a composite number?
True
Is 15471545 composite?
True
Is 44081353937 composite?
True
Is 19995220447 composite?
False
Is 3439777417 composite?
False
Is 9885706891 composite?
False
Is 5655163013 a prime number?
False
Is 439622237 composite?
True
Is 1387801435 a prime number?
False
Is 7404515329 a prime number?
True
Is 7553488511 prime?
False
Is 4784663267 composite?
True
Is 72084713 a composite number?
True
Is 18556357811 a composite number?
True
Is 1527374251 a composite number?
True
Is 619684691 composite?
False
Is 11616403639 a composite number?
True
Is 111257541557 prime?
False
Is 3168437309 a composite number?
False
Is 2548275757 a prime number?
False
Is 98995398179 a composite number?
True
Is 407854